61. Calculate s(-266).
-7
Let m(r) = -1587*r - 21349. Determine m(-16).
4043
Let r(s) = -2*s**3 + 18*s**2 + 15*s + 54. Calculate r(9).
189
Let t(d) = -d**3 - 106*d**2 + 2948*d + 214. What is t(23)?
-223
Let q(b) = 2884818*b - 25963370. Calculate q(9).
-8
Let z(h) = h**3 - 394*h**2 - 9570*h - 8761. What is z(417)?
-4
Let n(w) = 16*w**3 - 209*w**2 - 34*w - 109. What is n(13)?
-720
Let n(f) = 370326*f + 15183365. Calculate n(-41).
-1
Let p(j) = j**3 + 2869*j**2 - 51966*j + 21. Determine p(18).
21
Let y(c) = -36*c**2 - 8781*c + 35148. Calculate y(4).
-552
Let k(j) = -457*j**2 - 3141*j + 12. Determine k(-7).
-394
Let t(d) = d**2 - 1959*d - 135607. Calculate t(-66).
-1957
Let z(h) = 4*h**3 + 17*h**2 + 48*h + 264. Give z(-7).
-611
Let c(d) = 10*d**3 - 18*d - 33. Calculate c(-2).
-77
Let m(s) = -919*s**2 - 1815*s + 25. Calculate m(-2).
-21
Let p(q) = 6727*q + 114429. Give p(-17).
70
Let k(f) = -8*f**3 + 118*f**2 - 320*f + 5262. Calculate k(15).
12
Let q(b) = b**2 + 6998*b + 676163. Give q(-98).
-37
Let a(u) = 9796*u - 17632805. Calculate a(1800).
-5
Let t(u) = -u**3 + 38*u**2 - u + 66. Give t(38).
28
Let p(x) = -823*x - 34720. What is p(-42)?
-154
Let l(d) = 80*d - 4406. Give l(55).
-6
Let f(g) = 418*g**2 - 300*g - 591. Give f(-2).
1681
Let s(q) = 8710*q + 409396. Determine s(-47).
26
Let v(t) = 170670*t - 2048046. What is v(12)?
-6
Let o(a) = -24*a**3 + 6447*a**2 + 2421*a - 12. Calculate o(269).
-12
Let t(j) = 9*j**2 - 645*j - 2692. Determine t(-4).
32
Let d(r) = r**2 - 5406*r - 75879. Calculate d(-14).
1
Let t(v) = 168*v**2 + 8*v - 27. Give t(-1).
133
Let i(y) = y**3 - 40*y**2 - 384*y + 28. Give i(48).
28
Let u(i) = i**2 + 345*i + 25608. Give u(-108).
12
Let n(d) = -20305*d - 121826. Determine n(-6).
4
Let r(s) = 4*s**3 + 69*s**2 - 1897*s - 307. What is r(-32)?
-19
Let y(a) = 13297*a - 13872. What is y(1)?
-575
Let c(z) = -3*z**2 - 420*z + 9063. Give c(18).
531
Let w(o) = 550*o + 76470. Calculate w(-139).
20
Let q(x) = -x**3 + 32*x**2 - 26*x - 317. Calculate q(34).
-3513
Let l(a) = 26838*a - 2683814. Determine l(100).
-14
Let u(h) = -h**3 + 13*h**2 - 72*h + 1227. Give u(14).
23
Let a(r) = -2*r**3 - 253*r**2 + 377*r - 1338. Give a(-128).
-442
Let h(i) = 44*i**2 + 42*i + 6. What is h(-4)?
542
Let q(r) = -95402*r - 141. Determine q(0).
-141
Let c(y) = -y**3 - 36*y**2 - 128*y + 1549. Determine c(-30).
-11
Let q(j) = -9*j**2 + 792*j - 17275. What is q(40)?
5
Let x(b) = 10871*b**2 + 21744*b + 7. Calculate x(-2).
3
Let m(a) = -4*a**3 - 42*a**2 - 7*a - 165. Give m(-11).
154
Let n(l) = -4*l**2 - 219*l - 930. Determine n(-50).
20
Let d(v) = -24*v**3 - 769*v**2 - 760*v + 8. Give d(-1).
23
Let j(y) = -99*y**2 - 30*y. Give j(-2).
-336
Let k(h) = h**3 + 124*h**2 - 10*h - 907. Determine k(-124).
333
Let o(c) = -3*c**3 - 14*c**2 - 1004*c - 6907. Give o(-7).
464
Let q(u) = 8346*u + 74504. Determine q(-9).
-610
Let y(f) = -f**3 + 99*f**2 - 627*f - 1556. What is y(92)?
8
Let d(g) = -29585*g - 147943. What is d(-5)?
-18
Let y(z) = 1216*z**2 - 32836*z + 160. Determine y(27).
52
Let g(t) = -1837*t - 5322. Determine g(-3).
189
Let z(o) = o**3 + 32*o**2 + 114*o - 127. Determine z(-24).
1745
Let v(t) = -2*t**3 - 358*t**2 - 24*t - 4344. Determine v(-179).
-48
Let y(x) = -x**3 - 141*x**2 - 3486*x + 127. Calculate y(-109).
-91
Let a(f) = 58222*f - 3551564. Determine a(61).
-22
Let n(i) = -67546*i - 336838. What is n(-5)?
892
Let k(a) = a**3 + 125*a**2 - 6819*a + 536. Give k(41).
3
Let z(o) = 25546*o - 5773384. Calculate z(226).
12
Let u(j) = -9756*j - 5912142. Calculate u(-606).
-6
Let k(v) = 13*v**2 + 350*v - 17988. Determine k(-53).
-21
Let p(a) = 9*a**3 + 146*a**2 + 14*a - 186. Give p(-16).
102
Let p(d) = -5*d**3 - 556*d**2 + 3391*d - 234. Give p(-117).
0
Let i(a) = -2*a**3 - 256*a**2 - 5150*a + 6. What is i(-25)?
6
Let h(c) = 778*c**2 - 1505*c + 2. Calculate h(2).
104
Let z(a) = 12104*a + 62284. What is z(-5)?
1764
Let k(f) = 29390*f - 117535. What is k(4)?
25
Let c(g) = -1925*g + 152011. Calculate c(79).
-64
Let a(w) = -w**3 - 91*w**2 - 551*w + 3341. Determine a(-84).
233
Let p(v) = 2054*v - 267164. Determine p(130).
-144
Let l(w) = -47*w + 5215. Determine l(127).
-754
Let n(i) = -671*i + 42165. Calculate n(63).
-108
Let w(m) = m**3 + 48*m**2 - 1214*m - 1769. What is w(-66)?
-53
Let o(z) = 336*z - 3320. What is o(9)?
-296
Let f(t) = t**3 - 73*t**2 + 1581*t - 95863. Give f(70).
107
Let h(c) = c**3 + 230*c**2 - 1664*c - 23. Calculate h(-237).
1162
Let f(k) = -k**3 - 378*k**2 - 890*k + 88129. Calculate f(-375).
4
Let u(f) = -69705*f - 697064. Determine u(-10).
-14
Let x(t) = 2*t**2 - 586*t + 37890. Give x(197).
66
Let y(n) = -86*n**2 + 346*n + 482. Give y(5).
62
Let h(m) = 18*m**3 - 49*m**2 + 3*m - 48. Give h(3).
6
Let j(n) = -3178*n + 19177. Give j(6).
109
Let c(u) = u**2 - 2123*u - 8512. Determine c(-4).
-4
Let f(w) = 83304*w - 83290. Calculate f(1).
14
Let q(x) = -x**2 - 217*x + 8251. Calculate q(33).
1
Let p(w) = 11*w**2 + 128*w + 106. Give p(-12).
154
Let w(r) = -230*r**2 - 3096*r - 4019. What is w(-12)?
13
Let a(j) = -173*j + 12520. Determine a(79).
-1147
Let r(o) = 3*o**2 + 188*o + 1571. What is r(-8)?
259
Let m(l) = -40920*l + 6506289. Give m(159).
9
Let l(f) = 27*f**3 + 189*f**2 - 7*f - 161. Give l(-7).
-112
Let l(w) = -967*w - 51182. What is l(-53)?
69
Let o(y) = -171474*y + 8745203. Calculate o(51).
29
Let o(b) = -2*b**3 - 233*b**2 + 527*b - 74. Determine o(2).
32
Let r(i) = -636*i - 11726. Give r(-19).
358
Let o(x) = -56*x**3 + 606*x**2 - 435*x - 250. What is o(10)?
0
Let v(l) = -l**2 + 239*l + 4219. Calculate v(-20).
-961
Let l(a) = -22591*a - 67251. Calculate l(-3).
522
Let z(s) = -3279*s + 26034. Give z(8).
-198
Let i(g) = g**3 - 19*g**2 - 548*g + 196. Give i(-16).
4
Let m(n) = n**3 - 58*n**2 - 4108*n + 237400. What is m(57)?
-5
Let m(t) = t**3 + 12*t**2 + 105*t + 1280. What is m(-14)?
-582
Let p(v) = 12*v**3 + 3075*v**2 + 876*v + 27644. Calculate p(-256).
-4
Let p(u) = 54*u**2 - 898*u - 34. Calculate p(16).
-578
Let o(b) = -3*b**2 + 254*b - 1692. Give o(84).
-1524
Let y(r) = -3027*r - 36266. What is y(-12)?
58
Let c(l) = -3*l**3 + 302*l**2 + 1369*l - 442. Determine c(105).
-22
Let z(d) = -79141*d + 4906694. Calculate z(62).
-48
Let m(v) = 1292*v + 111070. Calculate m(-86).
-42
Let h(m) = -43*m**3 + 158*m**2 + 485*m + 7. Give h(-2).
13
Let h(q) = 10*q**2 + 307*q - 1545. Calculate h(5).
240
Let u(j) = -j**3 + 77*j**2 + 575*j - 32931. Calculate u(79).
12
Let j(a) = 33*a - 5962. Calculate j(173).
-253
Let m(q) = -153*q - 677. What is m(-5)?
88
Let d(h) = 804*h + 180820. Determine d(-226).
-884
Let a(w) = -w**2 + 376*w + 1473. What is a(-4)?
-47
Let i(l) = l**3 + 76*l**2 - 7236*l - 548316. Determine i(-75).
9
Let o(l) = 663*l + 22474. Give o(-34).
-68
Let n(o) = 45*o - 5221. What is n(118)?
89
Let y(h) = 5*h**2 + 300*h + 3493. What is y(-44)?
-27
Let m(z) = 141*z**3 - 29*z**2 - 130*z + 160. Determine m(1).
142
Let o(y) = -y**3 - 146*y**2 - 11*y - 1444. Calculate o(-146).
162
Let q(v) = 496709*v - 3476957. Give q(7).
6
Let t(f) = -2*f**3 - 283*f**2 - 140*f - 1022. What is t(-141)?
-1163
Let f(a) = -a**3 + 304*a**2 + 13*a - 4. Give f(0).
-4
Let z(d) = d**3 - 37*d**2 + 571*d - 3702. Determine z(17).
225
Let z(v) = 6273*v - 12758. Give z(2).
-212
Let m(y) = -207*y - 8584. Determine m(-41).
-97
Let p(w) = -1171313*w + 4685255. Determine p(4).
3
Let x(j) = -38*j**2 + 1366*j - 5. Give x(36).
-77
Let b(n) = 23*n**3 - 69*n**2 + 136*n - 5. Give b(2).
175
Let b(t) = -504*t - 42749. Give b(-87).
1099
Let g(c) = -1384*c + 405876. Give g(293).
364
Let u(i) = -5*i**3 + 90*i**2 + 42*i - 465. What is u(17)?
1694
Let g(n) = -6*n**2 + 2506*n + 2032. Give g(418).
1196
Let f(a) = -19*a**2 - 360*a - 1417. Determine f(-13).
52
Let f(o) = -10*o**2 - 278*o - 538. Calculate f(-2).
-22
Let w(j) = -4*j**2 - 776*j - 9406. Calculate w(-13).
6
Let o(q) = 462*q - 38783. Calculate o(84).
25
Let c(s) = -1491*s + 12614. Determine c(9).
-805
Let o(y) = -2*y**3 - 30*y**2 + 236*y + 3457. What is o(-11)?
-107
Let f(r) = -r**2 - 275934*r + 4415170. Calculate f(16).
-30
Let k(c) = -1893*c + 637920. What is k(337)?
-21
Let u(v) = -19*v**3 - 1169*v**2 - 3883*v + 149. Calculate u(-58).
-25
Let h(w) = -71*w**2 - 786*w + 2010. Give h(2).
154
Let x(k) = 59182*k - 118226. What is x(2)?
138
Let n(i) = -2230